{"id":31,"date":"2024-06-06T17:34:29","date_gmt":"2024-06-06T17:34:29","guid":{"rendered":"https:\/\/kultur-netzwerk-leimen.de\/?page_id=31"},"modified":"2026-04-15T13:01:35","modified_gmt":"2026-04-15T13:01:35","slug":"kulturhochzehn-spielstaettenplan","status":"publish","type":"page","link":"https:\/\/kultur-netzwerk-leimen.de\/?page_id=31","title":{"rendered":"KulturHochZehn &#8211; Spielst\u00e4ttenplan"},"content":{"rendered":"<p><strong>Hier finden Sie uns:<\/strong><\/p>\n<p><img loading=\"lazy\" decoding=\"async\" class=\"alignnone size-full wp-image-2358\" src=\"https:\/\/kultur-netzwerk-leimen.de\/wp-content\/uploads\/2026\/04\/Standortplan-mit-Legende-scaled.jpg\" alt=\"\" width=\"2560\" height=\"1653\" srcset=\"https:\/\/kultur-netzwerk-leimen.de\/wp-content\/uploads\/2026\/04\/Standortplan-mit-Legende-scaled.jpg 2560w, https:\/\/kultur-netzwerk-leimen.de\/wp-content\/uploads\/2026\/04\/Standortplan-mit-Legende-300x194.jpg 300w, https:\/\/kultur-netzwerk-leimen.de\/wp-content\/uploads\/2026\/04\/Standortplan-mit-Legende-1024x661.jpg 1024w, https:\/\/kultur-netzwerk-leimen.de\/wp-content\/uploads\/2026\/04\/Standortplan-mit-Legende-768x496.jpg 768w, https:\/\/kultur-netzwerk-leimen.de\/wp-content\/uploads\/2026\/04\/Standortplan-mit-Legende-1536x992.jpg 1536w, https:\/\/kultur-netzwerk-leimen.de\/wp-content\/uploads\/2026\/04\/Standortplan-mit-Legende-2048x1322.jpg 2048w, https:\/\/kultur-netzwerk-leimen.de\/wp-content\/uploads\/2026\/04\/Standortplan-mit-Legende-940x607.jpg 940w\" sizes=\"auto, (max-width: 2560px) 100vw, 2560px\" \/><\/p>\n<p>Karte: OpenStreetMap<\/p>\n<hr \/>\n<ol>\n<li style=\"text-align: left;\">AWO Leimen\u00a0\u00a0\u00a0 \u00a0\u00a0\u00a0 \u00a0\u00a0\u00a0 \u00a0 Klassenvorspiele Musikschule Leimen und Bewirtung<\/li>\n<li style=\"text-align: left;\">Georgi-Marktplatz\u00a0\u00a0\u00a0 Hauptb\u00fchne Musikprogramm und Bewirtung<\/li>\n<li style=\"text-align: left;\">Altes Rathaus\u00a0\u00a0\u00a0 \u00a0\u00a0\u00a0 \u00a0\u00a0\u00a0 Spiegelsaal Matinee + F\u00fchrungen<\/li>\n<li style=\"text-align: left;\">Kirchgarten\u00a0\u00a0\u00a0 \u00a0\u00a0\u00a0 \u00a0\u00a0\u00a0 \u00a0\u00a0\u00a0 Entspannung im Kirchgarten, Chillen mit Lounge-Musik<\/li>\n<li style=\"text-align: left;\">Mauritiuskirche\u00a0\u00a0\u00a0 \u00a0\u00a0\u00a0\u00a0 Ausstellung und Info\u00b4s, F\u00fchrungen und Konzerte, Prickelndes im Glas<\/li>\n<li style=\"text-align: left;\">Neues Rathaus\u00a0\u00a0\u00a0 \u00a0\u00a0\u00a0\u00a0 Kunstverein Leimen Ausstellung, Aktion \u201eLieblings-T-Shirt\u201c, Stadtf\u00fchrung Lokale Agenda Leimen<\/li>\n<li style=\"text-align: left;\">Haus Karmel \u00a0 \u00a0 \u00a0 \u00a0 \u00a0 \u00a0 Ausstellung und Informationen, indische Spezialit\u00e4ten<\/li>\n<li style=\"text-align: left;\">Quer Leimen\u00a0\u00a0\u00a0\u00a0\u00a0\u00a0\u00a0\u00a0\u00a0\u00a0\u00a0\u00a0 Gespr\u00e4che \u00fcbern Gartenzaun, Begegnungscaf\u00e9<\/li>\n<li style=\"text-align: left;\">Stadtb\u00fccherei\u00a0\u00a0\u00a0\u00a0\u00a0\u00a0\u00a0\u00a0 \u00a0 Kinderprogramm<\/li>\n<li style=\"text-align: left;\">Bruckersche M\u00fchle\u00a0 F\u00fchrungen und Information<\/li>\n<\/ol>\n<p><a href=\"https:\/\/kultur-netzwerk-leimen.de\/?page_id=27\">KulturHochZehn \u2013 Programm<\/a><\/p>\n<p><a href=\"https:\/\/kultur-netzwerk-leimen.de\/?page_id=29\">KulturHochZehn \u2013 Programmheft 16.06.2024<\/a><\/p>\n","protected":false},"excerpt":{"rendered":"<p>Hier finden Sie uns: Karte: OpenStreetMap AWO Leimen\u00a0\u00a0\u00a0 \u00a0\u00a0\u00a0 \u00a0\u00a0\u00a0 \u00a0 Klassenvorspiele Musikschule Leimen und Bewirtung Georgi-Marktplatz\u00a0\u00a0\u00a0 Hauptb\u00fchne &#8230; <a class=\"more-link\" href=\"https:\/\/kultur-netzwerk-leimen.de\/?page_id=31\">Read More &raquo;<\/a><\/p>\n","protected":false},"author":1,"featured_media":0,"parent":0,"menu_order":0,"comment_status":"closed","ping_status":"closed","template":"no-sidebar.php","meta":{"give_campaign_id":0,"footnotes":""},"class_list":["post-31","page","type-page","status-publish","hentry"],"campaignId":"","_links":{"self":[{"href":"https:\/\/kultur-netzwerk-leimen.de\/index.php?rest_route=\/wp\/v2\/pages\/31","targetHints":{"allow":["GET"]}}],"collection":[{"href":"https:\/\/kultur-netzwerk-leimen.de\/index.php?rest_route=\/wp\/v2\/pages"}],"about":[{"href":"https:\/\/kultur-netzwerk-leimen.de\/index.php?rest_route=\/wp\/v2\/types\/page"}],"author":[{"embeddable":true,"href":"https:\/\/kultur-netzwerk-leimen.de\/index.php?rest_route=\/wp\/v2\/users\/1"}],"replies":[{"embeddable":true,"href":"https:\/\/kultur-netzwerk-leimen.de\/index.php?rest_route=%2Fwp%2Fv2%2Fcomments&post=31"}],"version-history":[{"count":5,"href":"https:\/\/kultur-netzwerk-leimen.de\/index.php?rest_route=\/wp\/v2\/pages\/31\/revisions"}],"predecessor-version":[{"id":2360,"href":"https:\/\/kultur-netzwerk-leimen.de\/index.php?rest_route=\/wp\/v2\/pages\/31\/revisions\/2360"}],"wp:attachment":[{"href":"https:\/\/kultur-netzwerk-leimen.de\/index.php?rest_route=%2Fwp%2Fv2%2Fmedia&parent=31"}],"curies":[{"name":"wp","href":"https:\/\/api.w.org\/{rel}","templated":true}]}}